s 1100000011000010111111 (base 2) in base 4?
30003002333
202203302 (base 6) to base 11
1a5a224
2416ab9 (base 12) to base 14
d03029
Convert 110100010010010011 (base 2) to base 11.
1369a4
What is -7a880 (base 11) in base 15?
-24953
Convert 2080727 (base 9) to base 6.
35530254
What is 13044015 (base 6) in base 12?
18660b
What is -610540 (base 13) in base 16?
-227140
-110011000100010101010 (base 2) to base 9
-3130407
-1253506 (base 8) to base 16
-55746
What is -20026641 (base 8) in base 15?
-581340
Convert 10011110001001001001000 (base 2) to base 12.
189aa34
-147753 (base 11) to base 4
-320013031
What is -2666b8 (base 14) in base 4?
-11003032222
-5211404 (base 6) to base 15
-4e347
-1602897 (base 12) to base 10
-4483699
What is 11201110201020 (base 3) in base 16?
2648d0
Convert -b1e10 (base 15) to base 3.
-1001121212020
2444303412 (base 5) to base 12
1b63607
b35143 (base 13) to base 4
33330301323
What is -294e2d (base 15) in base 6?
-110401524
Convert 1e7131 (base 15) to base 16.
16c435
266565 (base 13) to base 3
1202011001200
a573a4 (base 11) to base 8
6353505
-10456 (base 14) to base 16
-996c
-e459 (base 16) to base 3
-2222012002
What is ba09 (base 14) in base 11?
22180
Convert 10055011 (base 6) to base 2.
1000110001100001111
7637034 (base 8) to base 5
1011010031
-1010011011111000 (base 2) to base 10
-42744
Convert 202142 (base 6) to base 5.
1003141
Convert -11110101011101001 (base 2) to base 10.
-125673
Convert -100011001011001000101000 (base 2) to base 7.
-141242233
-891536 (base 10) to base 4
-3121222100
What is 387444 (base 10) in base 5?
44344234
11a641 (base 11) to base 7
1420163
Convert 3643662 (base 7) to base 11.
2981aa
Convert 3aadb (base 14) to base 3.
21100200111
172663 (base 12) to base 4
1201100223
-2502879 (base 13) to base 16
-afb819
What is 110000000001011010 (base 2) in base 5?
22243243
What is -61670422 (base 8) in base 6?
-1144052030
-32a17 (base 12) to base 13
-24724
10122022112000 (base 3) to base 5
443411034
What is -967360 (base 10) in base 11?
-600879
1220110222021 (base 3) to base 15
15037a
Convert 3721447 (base 9) to base 6.
111200324
Convert -369454 (base 12) to base 14.
-191408
-10001202111010 (base 3) to base 15
-2229b0
Convert -2a2e2 (base 15) to base 6.
-2524022
Convert -5648401 (base 9) to base 16.
-2e723c
What is -1056 (base 11) in base 7?
-4026
What is 2022221011111 (base 3) in base 12?
4b8a04
What is -3330220023 (base 4) in base 10?
-1034763
Convert 12919 (base 11) to base 15.
56c7
Convert 50607056 (base 8) to base 3.
202002220102201
What is -14423b (base 13) in base 3?
-221010121201
Convert 19b5ba2 (base 12) to base 7.
64304531
Convert 1a321b (base 12) to base 14.
c0379
ac2968 (base 13) to base 11
2324651
What is -200220022022 (base 3) in base 13?
-100436
Convert 111a28 (base 12) to base 15.
55c48
What is -112202003 (base 4) in base 8?
-264203
558324 (base 13) to base 16
1ec867
What is -6175b9 (base 13) in base 14?
-432355
540a58 (base 12) to base 2
101000100010111100100
-2578704 (base 10) to base 6
-131134240
Convert -215520410 (base 6) to base 3.
-21100212002120
Convert 190816 (base 12) to base 15.
89586
1a0269 (base 11) to base 2
1001011001001000010
-12245521 (base 7) to base 8
-4154242
What is 66863 (base 12) in base 3?
20220120110
-10100221300 (base 4) to base 2
-100010000101001110000
Convert -152489 (base 14) to base 7.
-6154432
-372a7 (base 16) to base 2
-110111001010100111
300175 (base 11) to base 7
4052126
Convert -517165 (base 11) to base 12.
-33bb91
14847 (base 16) to base 4
110201013
What is -c025 (base 14) in base 7?
-165045
33621351 (base 7) to base 9
5454763
-1002121021020 (base 3) to base 2
-10001110010000001010
-5debc (base 16) to base 6
-12125004
Convert 22353570 (base 9) to base 16.
a56d53
-1406136 (base 7) to base 10
-187011
Convert 671391 (base 11) to base 15.
162327
Convert 30508 (base 10) to base 14.
b192
What is 14521132 (base 6) in base 4?
1330012100
What is 2329a29 (base 11) in base 4?
33201112221
-772899 (base 10) to base 5
-144213044
204343 (base 8) to base 16
108e3
-110001010101100100110 (base 2) to base 3
-10001010122222
Convert 201344144 (base 5) to base 7.
6610321
Convert 5300115 (base 6) to base 9.
431052
26c91 (base 14) to base 2
10111011000011111
367108 (base 10) to base 8
1315004
What is 504420052 (base 6) in base 11?
4957179
4df6 (base 16) to base 10
19958
111495 (base 10) to base 14
2c8bd
-4312114232 (base 5) to base 4
-202231031103
What is -3a231 (base 14) in base 5?
-14034443
What is 2745660 (base 10) in base 12?
b04b10
-202210220222020 (base 3) to base 11
-62748aa
1041220141 (base 6) to base 16
abd95d
646343 (base 7) to base 15
235c2
Convert 11021564 (base 7) to base 11.
597241
Convert 32cac0 (base 14) to base 9.
3218666
What is 24353331 (base 7) in base 14?
40ad18
101100011001010110 (base 2) to base 8
543126
What is -b87527 (base 12) in base 11?
-1711827
-1a140a (base 13) to base 11
-410786
What is -de171 (base 16) in base 9?
-1635756
401202 (base 7) to base 2
10000100001010111
What is 10012021010 (base 3) in base 11?
4327a
What is -83c916 (base 13) in base 8?
-13607233
What is 388640 (base 9) in base 14?
62005
What is -1830 (base 16) in base 12?
-3700
22b35bb (base 13) to base 14
15cdd6d
-85d7b (base 14) to base 9
-543032
-235835 (base 9) to base 5
-14021411
What is -720a3 (base 15) in base 11?
-227485
Convert -92c77a (base 13) to base 14.
-652995
-4597aa (base 13) to base 3
-10002210002210
-2340324 (base 6) to base 4
-131301130
-11002222112 (base 3) to base 6
-1422322
-73456 (base 9) to base 6
-1012253
Convert -233241133 (base 7) to base 12.
-49a35a4
What is -110202222221 (base 3) in base 8?
-753157
What is -3722217 (base 10) in base 14?
-6cc6c9
What is 602d3a (base 16) in base 7?
104401123
What is -411410351 (base 6) in base 12?
-24539b7
What is -2013473 (base 8) in base 10?
-530235
-13302203033 (base 4) to base 13
-56662a
Convert -808204a (base 11) to base 9.
-28803348
-331023223 (base 4) to base 3
-110201202121
9b49 (base 12) to base 8
41451
Convert -7991 (base 13) to base 6.
-210442
What is 3317431 (base 8) in base 11?
55a773
-2022202202201 (base 3) to base 15
-19610a
What is 217a0b (base 12) in base 4?
2001313223
What is 77bac (base 13) in base 11?
1392a2
Convert 84062 (base 13) to base 6.
5030512
32432214 (base 5) to base 9
466454
What is -111002120202010 (base 3) in base 2?
-11010100011000111011001
Convert -79396d (base 14) to base 10.
-4120605
What is 296a46 (base 11) in base 12?
1a4011
113131231 (base 4) to base 3
11212211121
-881412 (base 9) to base 13
-155513
e75cd (base 15) to base 9
1337384
Convert 1a94a4 (base 11) to base 9.
537007
687823 (base 10) to base 7
5563213
Convert -bbb2 (base 16) to base 14.
-13722
Convert -23331213122 (base 4) to base 12.
-1072962
Convert 4530112 (base 6) to base 7.
1643624
-30470 (base 16) to base 3
-101001020212
-1300220310 (base 4) to base 12
-1a2bb0
-251df2 (base 16) to base 11
-1411632
-131261 (base 11) to base 16
-32716
Convert -225080 (base 10) to base 14.
-5c052
What is -335150 (base 8) in base 7?
-651123
What is -1100001110000111 (base 2) in base 3?
-2112122220
Convert -1122100122002 (base 3) to base 4.
-3111021302
1110110101101011 (base 2) to base 16
ed6b
111101211002021 (base 3) to base 13
1624702
-1010529 (base 12) to base 14
-584037
Convert -3346791 (base 11) to base 4.
-112113331311
What is -92386 (base 12) in base 2?
-101110100010010110
174263 (base 11) to base 14
70149
1026856 (base 11) to base 16
1b9dc2
Convert -41767 (base 13) to base 6.
-2304541
4444122 (base 5) to base 13
2969b
What is 15022 (base 13) in base 12?
1aa9a
-12212020221 (base 3) to base 11
-79751
-45137 (base 11) to base 4
-33331210
-4421140 (base 5) to base 13
-28a26
-2521450 (base 6) to base 16
-21006
What is -1010000010001011001010 (base 2) in base 7?
-31233435
What is 1110001001011010101 (base 2) in base 4?
1301023111
111227 (base 15) to base 6
25235514
What is -231303010 (base 4) in base 6?
-4004244
What is -3425114 (base 6) in base 15?
-36bca
What is 1046367 (base 12) in base 3?
12210110200221
Convert -3000013002 (base 4) to base 14.
-166a9c
What is -27a3537 (base 13) in base 2?
-101111110110111011100001
-2221123231 (base 4) to base 8
-2513355
Convert 12212111022011 (base 3) to base 4.
23321213323
-276555 (base 8) to base 6
-2032021
